What is -1a1 (base 12) in base 14?
-14d
-2473 (base 8) to base 15
-5e4
4454 (base 15) to base 4
3202033
What is -16655 (base 7) in base 12?
-2935
Convert -1274 (base 11) to base 16.
-676
What is 5833 (base 10) in base 9?
8001
Convert 110223 (base 5) to base 7.
14055
What is 245020 (base 6) in base 14?
7d52
-383a (base 11) to base 5
-130004
What is -10274 (base 9) in base 13?
-3124
Convert 5484 (base 15) to base 13.
81bb
What is 386 (base 11) in base 13?
292
Convert a0ad (base 14) to base 16.
6bc9
Convert 1b65 (base 15) to base 7.
23222
-3425 (base 6) to base 12
-575
What is -56b5 (base 12) in base 10?
-9641
What is -122201 (base 3) in base 9?
-581
-7d7 (base 16) to base 4
-133113
Convert -459 (base 10) to base 12.
-323
Convert 21405 (base 6) to base 13.
1466
Convert 120212100 (base 3) to base 13.
5358
Convert -326 (base 10) to base 14.
-194
What is 20001 (base 4) in base 10?
513
What is 6111 (base 7) in base 10?
2115
36382 (base 9) to base 7
131030
1321203 (base 4) to base 14
2b99
-1011001011 (base 2) to base 9
-874
What is 11110311 (base 4) in base 8?
52465
What is 74a (base 16) in base 11?
1447
1c45 (base 15) to base 10
6140
851 (base 10) to base 13
506
8393 (base 12) to base 10
14367
Convert -320 (base 6) to base 15.
-80
What is -33021 (base 4) in base 13?
-597
-8676 (base 12) to base 10
-14778
What is -456 (base 12) in base 9?
-783
-b0 (base 14) to base 3
-12201
What is -870 (base 11) in base 7?
-3022
What is -16035 (base 7) in base 10?
-4485
What is 3120 (base 5) in base 10?
410
What is 32132 (base 4) in base 13?
563
Convert -112001 (base 3) to base 14.
-1d1
37b (base 12) to base 16
20f
Convert -720 (base 10) to base 3.
-222200
Convert -2333 (base 7) to base 2.
-1101011001
What is -29b (base 12) in base 13?
-254
What is -199 (base 14) in base 3?
-110021
Convert 121542 (base 8) to base 9.
63333
-5c8 (base 15) to base 5
-20223
355 (base 9) to base 5
2133
-270 (base 11) to base 13
-1b7
What is -9982 (base 12) in base 3?
-212020122
-1b7c (base 14) to base 2
-1001110010010
What is -4132 (base 7) in base 2?
-10110100100
-5021 (base 7) to base 13
-a31
a2d (base 14) to base 2
11111010001
Convert -120220 (base 3) to base 10.
-429
What is -2633 (base 10) in base 5?
-41013
What is -13441 (base 13) in base 6?
-434041
Convert -2034 (base 9) to base 12.
-a41
What is -225051 (base 6) in base 10?
-19255
Convert 1181 (base 9) to base 2.
1101110011
Convert 122445 (base 6) to base 16.
2add
Convert -c03 (base 14) to base 7.
-6603
What is c23f (base 16) in base 6?
1022115
b47 (base 12) to base 9
2221
What is -45d (base 16) in base 9?
-1471
-242 (base 15) to base 9
-628
Convert 23 (base 6) to base 15.
10
Convert 234116 (base 7) to base 10.
42251
Convert 404230 (base 5) to base 7.
53043
Convert a48 (base 11) to base 13.
761
105333 (base 8) to base 4
20223123
-3344 (base 5) to base 15
-219
What is -136603 (base 7) in base 14?
-9873
Convert -222 (base 14) to base 7.
-1142
Convert 8b0 (base 13) to base 3.
2001101
Convert 110111110 (base 2) to base 11.
376
What is -22000001 (base 3) in base 12?
-3461
What is -103350 (base 7) in base 5?
-1034033
Convert -3204 (base 9) to base 13.
-10c0
Convert -10111100101 (base 2) to base 12.
-a59
What is 642 (base 14) in base 13?
73c
Convert -511202 (base 6) to base 7.
-225656
-101011111101 (base 2) to base 8
-5375
What is -1432 (base 14) in base 15?
-10d2
7050 (base 12) to base 16
2f7c
Convert -11011202 (base 3) to base 7.
-11606
What is -330111 (base 4) in base 6?
-25513
What is -32 (base 11) in base 14?
-27
Convert 47a7 (base 14) to base 4.
3003033
What is 1224342 (base 5) in base 3?
1012112121
What is 110010000 (base 2) in base 15?
1ba
What is -2237 (base 11) in base 16?
-b80
What is 5290 (base 15) in base 5?
1024320
Convert 1b7b (base 15) to base 9.
8158
Convert 140 (base 6) to base 16.
3c
Convert 1122040 (base 5) to base 11.
14258
Convert -4ab6 (base 13) to base 16.
-2983
Convert -1000301 (base 5) to base 13.
-71ba
What is 2065 (base 7) in base 9?
1004
What is 802 (base 11) in base 12?
68a
What is -c9 (base 13) in base 7?
-324
What is -1736 (base 13) in base 9?
-4625
-349 (base 12) to base 4
-13221
What is 5563 (base 8) in base 7?
11355
Convert 245 (base 14) to base 11.
382
Convert 19b (base 16) to base 9.
506
Convert -15a (base 12) to base 16.
-d6
661 (base 7) to base 3
110111
Convert 105131 (base 9) to base 15.
1391d
-22a (base 14) to base 7
-1153
What is -12044 (base 7) in base 13?
-155c
What is 5155 (base 9) in base 12?
2228
What is -5404 (base 8) in base 5?
-42240
What is -1001101 (base 2) in base 5?
-302
Convert 2756 (base 10) to base 5.
42011
Convert 4697 (base 11) to base 5.
144111
Convert 231b (base 16) to base 2.
10001100011011
What is -16556 (base 8) in base 15?
-2374
What is -110000100001 (base 2) in base 3?
-11021000
What is 1491 (base 11) in base 10?
1915
Convert 25378 (base 11) to base 8.
107041
What is 108 (base 13) in base 10?
177
What is -2231403 (base 5) in base 6?
-503203
3133 (base 4) to base 3
22021
-74188 (base 9) to base 11
-338aa
-104176 (base 8) to base 7
-203605
What is 1044 (base 13) in base 12?
1379
-7031 (base 11) to base 3
-110211100
Convert -13076 (base 8) to base 2.
-1011000111110
-21332 (base 4) to base 16
-27e
Convert -17a (base 14) to base 4.
-10300
What is 544 (base 6) in base 16?
d0
What is 4000 (base 7) in base 16?
55c
-52203 (base 6) to base 11
-5282
What is 21020 (base 4) in base 16?
248
Convert -310040 (base 5) to base 2.
-10011100100100
-6b9 (base 13) to base 14
-5d4
29a (base 14) to base 2
1000010000
Convert -111343 (base 6) to base 13.
-439b
What is 9825 (base 10) in base 13?
461a
10112012 (base 3) to base 6
15522
-1400432 (base 5) to base 6
-334430
Convert 5ab7 (base 16) to base 4.
11222313
Convert -38a4 (base 11) to base 12.
-2b2b
Convert -1000111011011 (base 2) to base 5.
-121241
Convert 51a (base 12) to base 2.
1011100110
What is -273 (base 9) in base 16?
-e4
-20214 (base 5) to base 6
-10021
-364 (base 14) to base 10
-676
What is -1511 (base 14) in base 10?
-3739
18091 (base 10) to base 12
a577
What is 354 (base 7) in base 6?
510
Convert 102111 (base 3) to base 7.
622
Convert 230213 (base 4) to base 8.
5447
38a20 (base 11) to base 13
1c527
Convert 101100101101 (base 2) to base 3.
10220222
-3120240 (base 5) to base 9
-77352
3342110 (base 5) to base 9
88868
-54261 (base 7) to base 12
-79a6
What is 26043 (base 7) in base 11?
51a5
Convert -1543 (base 7) to base 8.
-1153
What is -32 (base 11) in base 16?
-23
14342 (base 6) to base 9
3128
Convert -a389 (base 13) to base 5.
-1210330
3010 (base 4) to base 16
c4
What is 480 (base 14) in base 15?
3eb
12320 (base 8) to base 3
21022100
Convert 410130 (base 7) to base 8.
210103
60705 (base 10) to base 11
41677
What is -22775 (base 12) in base 9?
-70118
121301 (base 4) to base 13
99b
1529 (base 10) to base 4
113321
8286 (base 13) to base 14
67d6
156 (base 14) to base 3
101002
12202202 (base 3) to base 12
2525
Convert 1aa8 (base 12) to base 10.
3296
Convert 1501 (base 9) to base 4.
101233
Convert 5bf (base 16) to base 7.
4201
-122333 (base 4) to base 3
-2100222
61166 (base 8) to base 6
312410
276 (base 10) to base 16
114
What is 110000001 (base 2) in base 7?
1060
29a (base 15) to base 10
595
Convert 11a (base 13) to base 14.
da
What is -3ea (base 15) in base 4?
-31333
What is -33 (base 16) in base 14?
-39
What is -110111010111 (base 2) in base 4?
-313113
Convert 19296 (base 11) to base 6.
324503
Convert 337 (base 16) to base 3.
1010111
23201 (base 4) to base 13
449
-15c21 (base 13) to base 3
-2010001210
Convert -3205 (base 6) to base 13.
-43a
Convert -31175 (base 9) to base 5.
-1124221
Convert -263665 (base 7) to base 15.
-e97a
Convert -1020121002 (base 3) to base 12.
-1220b
210002 (base 3) to base 10
569
Convert 46ec (base 15) to base 9.
22606
What is -11030 (base 7) in base 11?
-2094
557 (base 16) to base 6
10155
-150313 (base 7) to base 12
-14921
324 (base 10) to base 14
192
Convert -100011001010101 (base 2) to base 14.
-67c1
Convert 122 (base 10) to base 9.
145
What is -99 (base 14) in base 11?
-113
6387 (base 13) to base 8
32750
What is -412503 (base 6) in base 2?
-1000000011110111
-1245455 (base 6) to base 5
-4144101
Convert 766 (base 8) to base 16.
1f6
Convert -30322 (base 4) to base 11.
-691
What is -3c8d (base 15) in base 7?
-5